be n(s). Suppose -5*x + 4*r = -83, 4 = x + t*r - 3. Calculate the greatest common factor of x and 60.
15
Let i(a) = 15*a - 126. Let k be i(9). Let q be 765/27 + (-12)/k. Calculate the highest common factor of 135 and q.
27
Suppose 0*a + 4*t = -a - 22, 5*t + 5 = 0. Let f be (-2 - 16/(-10))*(a + -52). Calculate the greatest common divisor of f and 7.
7
Suppose -22*n = -71558 + 17702. What is the greatest common factor of n and 5814?
306
Let g be (6/(-4))/(375/(-16750)). What is the greatest common divisor of g and 1273?
67
Let x be (3 - 1) + 215 - 1. Let q = 30803 + -30785. Calculate the highest common divisor of q and x.
18
Suppose 4*f + 337 = 497. Let j(s) = -5*s + 20. Let v be j(0). What is the greatest common divisor of f and v?
20
Let j be (-30)/(-3) + -5 + 28. Let b = 592 + -240. Calculate the highest common factor of b and j.
11
Let d = -172 + 178. Let t be 2/(-3 - (-40)/d - 3). Suppose 106 - 10 = 4*w. What is the greatest common divisor of t and w?
3
Let c(f) = -5*f + 18. Let b be c(6). Let m(v) = v**3 + 14*v**2 + 6*v + 9. Let s be m(b). What is the greatest common divisor of s and 25?
25
Let k(w) = -7*w**2 + 694*w - 14120. Let t be k(30). Let y(l) = 12*l**3 + 2*l**2 - 3*l + 2. Let p be y(2). Calculate the highest common divisor of t and p.
100
Let y(p) = p**2 - p - 8. Let s be y(19). Suppose -4*z = -s - 6. What is the greatest common factor of 10 and z?
5
Suppose -78*j + 74*j = -92. Let q(n) = -n**3 - 5*n**2 - 5*n - 2. Let m be -2 + -4 + -4 + 2. Let i be q(m). What is the highest common factor of i and j?
23
Suppose -z - 2*z + 74 = -j, 4*z - 5*j = 84. Let l = 30 - z. What is the highest common divisor of 436 and l?
4
Let p(v) = -v**3 - 6*v**2 - 4*v. Let l be (-3 + 1)/(-1) - 8. Let m be p(l). Let u(c) = 22*c + 91. Let a be u(-4). What is the highest common factor of a and m?
3
Suppose 5*k - k - 92 = 0. Suppose 2 = -5*r - 4*u, 3*r = -2*r + 2*u - 14. Let n be (r + -44)*3/(-6)*1. What is the greatest common factor of n and k?
23
Suppose -99 = 7*c - 659. What is the highest common factor of 21680 and c?
80
Let s = 1808 - 1729. Calculate the highest common factor of 6241 and s.
79
Let a = -14631 + 14645. Suppose -5*l + 208 = -37. What is the highest common divisor of a and l?
7
Let s = 30 - 40. Let n be (-13)/26*s*1 + 2. Let z(w) = 3*w**2 + 5*w - 5. Let x be z(4). What is the highest common divisor of n and x?
7
Suppose -l - 4 = -21. Let i = 84 + -183. Let x = i + 252. What is the highest common divisor of x and l?
17
Suppose 5186 + 1772 = 85*x + 2028. Calculate the highest common factor of x and 5626.
58
Let t be (-686 - (-1)/(-2)*6)*((-1800)/(-50) + -37). Let c(g) = -19*g - 4. Let w be c(-3). Calculate the highest common factor of w and t.
53
Let o(t) = 2*t**3 - 28*t**2 + 34*t - 73. Let c be o(14). What is the greatest common factor of c and 338?
13
Let z(y) = y**2 + 23*y + 44. Let t be z(-21). Let c be 9020/40 + (-3)/t. Calculate the highest common factor of 32 and c.
32
Suppose -52*f = -157*f + 945. Calculate the highest common factor of f and 27972.
9
Let v be 2/(-9) + (6 - 718/9). Let p be 0 + v/(-4) + (-6)/12. What is the highest common divisor of 36 and p?
18
Let g(z) = -45*z + 81. Let t be g(1). What is the highest common divisor of t and 80?
4
Let j be 2 + -3 - (0 + 9957)*(-1)/3. Calculate the greatest common divisor of j and 210.
42
Let r be (-6)/8 - (165/(-12) + 2). Suppose r*i - 1944 = -7*i. Calculate the greatest common divisor of i and 8.
4
Suppose 0 = -63*u + 68*u - 390. Suppose -498 = -20*f - u. Calculate the greatest common divisor of 133 and f.
7
Let a(k) = 7*k**3 - 14*k**2 - 13*k - 87. Let p be a(7). What is the highest common divisor of 58 and p?
29
Suppose -j = -4*j - 249. Let d = -82 - j. Let q be (8 + (-10)/d)*(0 - 1). Calculate the greatest common divisor of q and 5.
1
Suppose -4*x + 164 = -t, -3*x - 8*t + 5*t = -138. Suppose -x*k + 61*k = 532. What is the highest common factor of 8 and k?
4
Suppose 0 = -y - 3, 3*o - y - 30 = 9. Calculate the highest common factor of 732 and o.
12
Suppose -r + 58 = 3*t - 0*r, 4*t - 2*r = 84. Calculate the highest common factor of 204 and t.
4
Let i be (5 + 0)*4760/100. Suppose 992*w - 995*w = -102. What is the highest common divisor of w and i?
34
Suppose 5*r + 624 = z, 5*z + 7*r - 3120 = 3*r. Suppose -24*b = -8*b - z. What is the greatest common divisor of b and 221?
13
Let z(n) = 5*n**2 - 6*n - 5. Let x = -45 + -13. Let o = x - -62. Let r be z(o). What is the highest common factor of r and 34?
17
Let w = 4742 - 4698. Let g(o) = 23*o**2 - 2*o + 1. Let z be g(1). Calculate the greatest common divisor of z and w.
22
Let q(y) = -84*y - 2. Let g be q(-5). Let z(f) = -24*f - 362. Let k be z(-16). Calculate the highest common divisor of k and g.
22
Let a be (140/16)/((-1)/(-4)). Let b = -535 + 127. Let t = b + 415. Calculate the greatest common divisor of a and t.
7
Let v(p) = p**3 + 5*p**2 - 547*p + 951. Let r be v(20). Suppose -3*i - 1936 = -7*i. Calculate the greatest common divisor of r and i.
11
Let q(f) = -3*f**3 + 5*f**2 + f - 5. Let v(t) = t**3 - 2*t - 1. Let j(r) = q(r) + 2*v(r). Let p be j(3). What is the highest common factor of p and 102?
2
Suppose 15*k - 10 = 13*k. Let t be (k - 4)/((-3)/(-966) - 0). What is the highest common factor of t and 46?
46
Let a be (-118288)/(-20) - -1 - 112/(-70). What is the greatest common divisor of a and 61?
61
Suppose 2*u - 2*d - 386 = 684, -5*u + d = -2667. Let r = u + -253. Let y be 6*(-2196)/(-378) + (-2)/(-14). What is the greatest common factor of y and r?
35
Let j be (-21)/14*(-188)/6. Suppose -5*d + 6355 = 2*w, -5*w = 4*d - 2*d - 2563. Calculate the greatest common divisor of j and d.
47
Let g(c) = c**2 - 2*c. Let j be g(9). Suppose 2*y - 16 = 3*l, 5*y = 4*y - 1. Let b be (0/5 - -1)*-14*l. Calculate the highest common factor of j and b.
21
Let a = 13 + -9. Suppose 14 = k + a. Let h(w) = 157*w + 790. Let n be h(-5). What is the highest common factor of n and k?
5
Suppose 0 = 5*n - 3*t - 25, -n + 527 = -t + 524. Calculate the highest common divisor of 1408 and n.
8
Let n(x) = -x**3 + 27*x**2 - 26*x + 3. Let k be n(26). Calculate the highest common divisor of k and 1086.
3
Let w be 1 - (0 + (-23)/1). Let s(t) = 11*t**2 + 44*t - 1. Let c be s(-4). Let z be c/(-2)*(-29)/(232/(-192)). Calculate the highest common factor of w and z.
12
Let f(i) = 2*i - 3. Let x be f(8). Let v = 14427 + -14375. What is the greatest common factor of v and x?
13
Let s(z) = -z**3 + 53*z**2 + 848*z + 672. Let x be s(66). Suppose 5*d - 792 = 168. What is the greatest common factor of x and d?
12
Suppose 3*u = 2*m + 4774, 0 = 2*u + 2*m + 2055 - 5231. What is the highest common divisor of u and 2067?
159
Let t be -2 - (-1 - 1)*(2 - -6). Suppose -250*b = -249*b - t. What is the greatest common factor of 63 and b?
7
Suppose -10*r = 4*o - 7*r + 19799, 0 = -2*r - 2. Let w be 15/(-30)*(-1 + o). Suppose 5*u - 10*u = -w. Calculate the highest common factor of u and 45.
45
Suppose 3*d = 3*i, d - 3*d + 20 = 3*i. Suppose 0 = d*y + 2*p - 574, -y - 3*p - 2*p + 130 = 0. What is the highest common factor of 174 and y?
29
Suppose -4*x - 61*p = -59*p - 44, 4*x + 3*p = 48. Calculate the greatest common factor of x and 31743.
9
Suppose s - 6 = -2. Suppose 5*y + 2*g - 22 = 4*y, s*y = -3*g + 73. Suppose 3*z - y = 5*h, z + 2*h + 5 = 2*z. What is the greatest common factor of 63 and z?
7
Suppose -2*y + 8*y - 168 = 0. Let h be -3 - -84 - (-3 + 14). What is the highest common factor of y and h?
14
Let v be (-2)/(1/(-1)) - -18. Suppose 56*j + 44*j = -38*j + 1104. Calculate the greatest common factor of v and j.
4
Let s be 6/4 - -23*9/6. Suppose 6*m - 5*m = -104. Let t = m - -113. Calculate the greatest common divisor of t and s.
9
Suppose -i - 105 = -2*c - 17, 44 = c - 2*i. Suppose 4*k - 787 = -g, -k + 223 = 8*g - 13*g. Calculate the greatest common factor of c and k.
22
Let p(z) = -16*z + 294. Let w be p(18). Suppose -39 = -2*n - 1. Suppose w = q - n. What is the greatest common factor of 5 and q?
5
Suppose -102*g = -91*g - 3597. Calculate the highest common factor of 2507 and g.
109
Let j be (-294)/15 + (-14)/35. Let r be 5*(-2 + (-52)/j). Suppose -4*t + r*h = t - 97, 2*h = -3*t + 62. Calculate the highest common factor of 50 and t.
10
Let q(z) = z**3 - z**2 + 6*z + 6. Let o be q(5). Le